225a2 + 60?
22612
In base 15, what is -b3 + 37298?
371d5
In base 6, what is 41201 - 121324?
-40123
In base 8, what is 121516 - -43666?
165404
In base 5, what is 0 + 243304240?
243304240
In base 8, what is -5 - -10036144?
10036137
In base 3, what is 1212220120021 + -11?
1212220120010
In base 14, what is 1930236 + 3?
1930239
In base 10, what is -1113233 + -1?
-1113234
In base 4, what is 3 - -133110110133?
133110110202
In base 4, what is 333 + 1233203?
1300202
In base 16, what is e8f1 - 34?
e8bd
In base 15, what is -2 + -90c231?
-90c233
In base 4, what is 1232001211 - 31?
1232001120
In base 11, what is -2a5782 - 29?
-2a5800
In base 10, what is -738 - -56630?
55892
In base 13, what is 77200 + -114?
770b9
In base 8, what is 52044 - -535?
52601
In base 16, what is -673327 - -20?
-673307
In base 15, what is -7c80 + 5546?
-2739
In base 12, what is -315b93 - -54?
-315b3b
In base 5, what is -121344 - 12002?
-133401
In base 13, what is -1 + -1a76427a?
-1a76427b
In base 5, what is -403 - 14441?
-20344
In base 8, what is 14263736 - -24?
14263762
In base 14, what is -8 + 2280956?
228094c
In base 4, what is 2201 + -3330110?
-3321303
In base 12, what is -15566 - -9a10?
-7756
In base 9, what is -233627446 + 1?
-233627445
In base 12, what is 109173 + 5?
109178
In base 13, what is 1 + 140c177?
140c178
In base 16, what is 15a - 16fb2?
-16e58
In base 14, what is -1d + 8135c?
8133d
In base 14, what is bb3 - 963?
250
In base 3, what is -111011021000 - -100?
-111011020200
In base 7, what is 145 - -14044326?
14044504
In base 16, what is 3bc80da - a?
3bc80d0
In base 13, what is 4 - 8b5051?
-8b504a
In base 13, what is 22a747 - 25?
22a722
In base 9, what is -383 + -501014?
-501407
In base 11, what is -33 - -a279603?
a279580
In base 3, what is -212 + 1001012022100210?
1001012022022221
In base 16, what is f27 + -156b?
-644
In base 15, what is -d49a68 - 5?
-d49a6d
In base 13, what is -13 - 1641775?
-1641788
In base 8, what is 3031 + 21063?
24114
In base 9, what is -8768682 - 1?
-8768683
In base 8, what is -2 + 1034313463?
1034313461
In base 6, what is -113 - -1120424?
1120311
In base 8, what is 721 - 106172?
-105251
In base 3, what is 11010212001212 - 1?
11010212001211
In base 2, what is 11111001 - 11101011001111111?
-11101010110000110
In base 4, what is 1113220211002 + 22?
1113220211030
In base 6, what is 11 - 45541515?
-45541504
In base 13, what is -1 - -53583a?
535839
In base 8, what is -3 + -132622561?
-132622564
In base 10, what is 112524 - 1781?
110743
In base 13, what is -73269 + 154?
-73115
In base 8, what is 4210301 + 25?
4210326
In base 7, what is -11263 - -154664?
143401
In base 12, what is 3a + -13a775a?
-13a7720
In base 16, what is -295c9d - 16?
-295cb3
In base 12, what is -32053b5 + -3?
-32053b8
In base 15, what is -1eb - -66a72?
66876
In base 11, what is -1065a - -4332?
-7328
In base 13, what is 58c8 + 4c?
5947
In base 16, what is -2 - -772623?
772621
In base 5, what is 1014121 - -4010?
1023131
In base 11, what is -37a9 + 1998?
-1911
In base 3, what is 2201110 + -2022102?
102001
In base 7, what is 466100 - 3652?
462115
In base 13, what is -3 - -33a2327?
33a2324
In base 12, what is -11635 - 135a2?
-25017
In base 4, what is 102 + -10133311211303?
-10133311211201
In base 7, what is -41220 + -261252?
-332502
In base 4, what is 2330323232 - 2123?
2330321103
In base 11, what is 148 + -107449?
-107301
In base 5, what is 230230431113 + 3?
230230431121
In base 2, what is 1000100100101 - 110010001011011?
-101001100110110
In base 9, what is -647264532 - -2?
-647264530
In base 12, what is 15 - 626a187?
-626a172
In base 3, what is -22100 - -11022000201?
11021201101
In base 4, what is -123332223 + 1103?
-123331120
In base 15, what is 814d - 51d2?
2e6b
In base 5, what is -4203 - -1112023?
1102320
In base 13, what is 5506494 + -1a?
5506477
In base 9, what is 7 - 7562356?
-7562348
In base 13, what is 6 - -a3a551?
a3a557
In base 14, what is -4 + -1320c568?
-1320c56c
In base 14, what is -85c73 - b?
-85c80
In base 4, what is 1011022 + 112?
1011200
In base 3, what is 22 + -100221201011120?
-100221201011021
In base 15, what is -2ad8 - 22?
-2b0a
In base 9, what is -4 + -102560484?
-102560488
In base 3, what is 1 + 10011100220022?
10011100220100
In base 16, what is -ef - bfe6?
-c0d5
In base 12, what is -1577 + 2a660?
290a5
In base 13, what is -11 - -63993?
63982
In base 14, what is -9150ac + -3?
-9150b1
In base 5, what is -1001342 + -313212?
-1320104
In base 5, what is 1224000113 + 320?
1224000433
In base 7, what is -332 - -16001?
15336
In base 14, what is 59a0c15 + -2?
59a0c13
In base 5, what is -1444 + 32310441?
32303442
In base 12, what is -5b626b + 46?
-5b6225
In base 16, what is 2a2ef7c + -3?
2a2ef79
In base 8, what is -1665 + -54672?
-56557
In base 12, what is -404649a + 67?
-4046433
In base 14, what is 11c1d1 - -31?
11c222
In base 4, what is 3 - 23120311002?
-23120310333
In base 2, what is 1011 + -1001101101000111?
-1001101100111100
In base 14, what is 2 - 279b73da?
-279b73d8
In base 3, what is 220 - 222000220111?
-222000212121
In base 12, what is -23 - b0089b?
-b00902
In base 13, what is 1006bbc97 + 0?
1006bbc97
In base 11, what is 53 - 131419?
-131376
In base 8, what is -3 + -410643746?
-410643751
In base 15, what is -3 - 79d486?
-79d489
In base 8, what is 1655 - 27344?
-25467
In base 15, what is b72c86 - 0?
b72c86
In base 4, what is 10 - 123011213021?
-123011213011
In base 2, what is 10001100000010110 - -1101100?
10001100010000010
In base 16, what is -2ee1f05 - 2?
-2ee1f07
In base 4, what is -2110211233 + 12130?
-2110133103
In base 16, what is -ae4 + -2ee0a?
-2f8ee
In base 6, what is -3121323 + -155?
-3121522
In base 14, what is 25 + -137d4db?
-137d4b6
In base 9, what is 34 - -628634?
628668
In base 12, what is 1118a + -b?
1117b
In base 4, what is -322 - -210221112321?
210221111333
In base 5, what is 1024131341 - 13?
1024131323
In base 15, what is -78 - -77518?
77490
In base 2, what is -100010111111100010 - -11011011?
-100010111100000111
In base 3, what is -11022200220 - -1100111?
-11021100102
In base 11, what is -1879 - 24365?
-26133
In base 16, what is 1ef58 + -22f?
1ed29
In base 3, what is -1020020102001 + -111?
-1020020102112
In base 5, what is -104431334 + 10121?
-104421213
In base 14, what is -1b42dbc + 0?
-1b42dbc
In base 12, what is 0 + 2a71b21?
2a71b21
In base 7, what is -11302 + -312?
-11614
In base 15, what is -13d75 + a60?
-13315
In base 4, what is 200 + -33222132002?
-33222131202
In base 11, what is 106 - 5a25?
-591a
In base 15, what is a4292 - -4?
a4296
In base 16, what is -156 - bc12?
-bd68
In base 6, what is 4121512 - 33144?
4044324
In base 6, what is 355221 - 2114?
353103
In base 16, what is -1a0 + -21?
-1c1
In base 16, what is 0 - 6d77?
-6d77
In base 15, what is 5c40829 + 3?
5c4082c
In base 4, what is -1111001213 - -22010?
-1110313203
In base 5, what is -232 + 12210331?
12210044
In base 15, what is -556 - -e4c1c?
e46b6
In base 9, what is -2 + 13736067?
13736065
In base 8, what is 66312405 - 6?
66312377
In base 2, what is -100100 + -111011010011011101?
-111011010100000001
In base 11, what is 22 - 47495a?
-474938
In base 11, what is 1a18006 - 76?
1a17a40
In base 8, what is -263256 - -6?
-263250
In base 10, what is 9111563 - 8?
9111555
In base 9, what is 2251821 + -134?
2251676
In base 10, what is -144542454 + 2?
-144542452
In base 16, what is -4 + 2b6df?
2b6db
In base 12, what is -11296 + 337?
-10b5b
In base 9, what is -25 - 5062287?
-5062323
In base 13, what is 1c + 1a4016?
1a4035
In base 4, what is 103223332301 - -2023?
103230000330
In base 2, what is -100110010101 + -1000110000000?
-1101100010101
In base 2, what is -1 + -1100010110000000011111?
-1100010110000000100000
In base 15, what is 1 - 28d193?
-28d192
In base 12, what is -2008625 - 1?
-2008626
In base 15, what is -4 + -5d715a?
-5d715e
In base 4, what is -2033012002 - 203?
-2033012211
In base 4, what is 3 - -313331010?
313331013
In base 6, what is -11305530 - 1?
-11305531
In base 2, what is -1001111100000100 - 100?
-1001111100001000
In base 16, what is ca - 6d9a4?
-6d8da
In base 7, what is 2623314 - 13?
2623301
In base 7, what is 36 - -12310524?
12310563
In base 8, what is -1233 + -301111?
-302344
In base 11, what is -3a515 + -397?
-3a901
In base 8, what is -4445 - -252451?
246004
In base 2, wh